housands digit of 1693581?
6
What is the millions digit of 3705805?
3
What is the tens digit of 58752?
5
What is the thousands digit of 214539?
4
What is the units digit of 1511067?
7
What is the hundred thousands digit of 803949?
8
What is the hundreds digit of 32015?
0
What is the thousands digit of 20882514?
2
What is the ten thousands digit of 1628671?
2
What is the hundreds digit of 577460?
4
What is the units digit of 12477491?
1
What is the hundreds digit of 4817221?
2
What is the hundred thousands digit of 6245686?
2
What is the units digit of 11092014?
4
What is the hundreds digit of 1229806?
8
What is the hundreds digit of 6357601?
6
What is the units digit of 1660573?
3
What is the tens digit of 271053?
5
What is the hundreds digit of 160500?
5
What is the units digit of 909672?
2
What is the thousands digit of 264897?
4
What is the millions digit of 6572391?
6
What is the units digit of 1091079?
9
What is the thousands digit of 5972928?
2
What is the tens digit of 14404410?
1
What is the ten thousands digit of 156982?
5
What is the thousands digit of 605531?
5
What is the units digit of 7376062?
2
What is the millions digit of 1061301?
1
What is the units digit of 2978500?
0
What is the hundreds digit of 964834?
8
What is the ten thousands digit of 584330?
8
What is the hundreds digit of 204399?
3
What is the ten thousands digit of 15247868?
4
What is the hundred thousands digit of 102183?
1
What is the thousands digit of 6610336?
0
What is the units digit of 1565447?
7
What is the units digit of 8925451?
1
What is the tens digit of 133494?
9
What is the hundreds digit of 836111?
1
What is the ten thousands digit of 2563114?
6
What is the units digit of 4549145?
5
What is the units digit of 4262874?
4
What is the ten thousands digit of 2378261?
7
What is the hundred thousands digit of 7974033?
9
What is the units digit of 24051497?
7
What is the ten thousands digit of 22192039?
9
What is the units digit of 2771161?
1
What is the tens digit of 13238058?
5
What is the thousands digit of 15569337?
9
What is the ten thousands digit of 711789?
1
What is the thousands digit of 24344355?
4
What is the hundreds digit of 21104443?
4
What is the ten thousands digit of 4777798?
7
What is the thousands digit of 1193494?
3
What is the thousands digit of 1061281?
1
What is the ten thousands digit of 22456918?
5
What is the units digit of 543429?
9
What is the hundred thousands digit of 349568?
3
What is the thousands digit of 366678?
6
What is the tens digit of 523259?
5
What is the units digit of 10284868?
8
What is the units digit of 9217403?
3
What is the tens digit of 306521?
2
What is the hundreds digit of 2244030?
0
What is the ten thousands digit of 9426205?
2
What is the hundreds digit of 4841515?
5
What is the tens digit of 216?
1
What is the tens digit of 634299?
9
What is the tens digit of 26753972?
7
What is the ten thousands digit of 157144?
5
What is the thousands digit of 211514?
1
What is the hundreds digit of 818221?
2
What is the hundreds digit of 358382?
3
What is the units digit of 782644?
4
What is the hundred thousands digit of 17113008?
1
What is the millions digit of 3460777?
3
What is the thousands digit of 15192?
5
What is the thousands digit of 679198?
9
What is the hundreds digit of 15196397?
3
What is the hundred thousands digit of 2079209?
0
What is the units digit of 17804495?
5
What is the hundreds digit of 1686481?
4
What is the ten millions digit of 12735977?
1
What is the hundred thousands digit of 30366614?
3
What is the units digit of 11066048?
8
What is the thousands digit of 965662?
5
What is the ten thousands digit of 14082603?
8
What is the tens digit of 6316397?
9
What is the thousands digit of 206041?
6
What is the ten thousands digit of 48526?
4
What is the tens digit of 569539?
3
What is the hundred thousands digit of 10504166?
5
What is the thousands digit of 4591966?
1
What is the ten thousands digit of 5173177?
7
What is the hundreds digit of 341374?
3
What is the ten thousands digit of 379579?
7
What is the hundred thousands digit of 311359?
3
What is the hundred thousands digit of 8837760?
8
What is the tens digit of 350641?
4
What is the hundreds digit of 9155634?
6
What is the hundreds digit of 35399?
3
What is the millions digit of 12785370?
2
What is the ten thousands digit of 163198?
6
What is the ten thousands digit of 26523?
2
What is the hundreds digit of 8638077?
0
What is the tens digit of 45696?
9
What is the thousands digit of 19739297?
9
What is the tens digit of 6552748?
4
What is the ten thousands digit of 4162459?
6
What is the ten millions digit of 30000606?
3
What is the hundreds digit of 93515?
5
What is the thousands digit of 1865810?
5
What is the ten thousands digit of 1027895?
2
What is the hundred thousands digit of 2028210?
0
What is the ten thousands digit of 85572?
8
What is the millions digit of 22087214?
2
What is the ten millions digit of 15949130?
1
What is the units digit of 50583?
3
What is the ten thousands digit of 456088?
5
What is the ten thousands digit of 492566?
9
What is the ten millions digit of 39339434?
3
What is the units digit of 2037811?
1
What is the hundred thousands digit of 1418929?
4
What is the hundreds digit of 1263255?
2
What is the thousands digit of 3641790?
1
What is the hundred thousands digit of 2622120?
6
What is the hundred thousands digit of 4314994?
3
What is the units digit of 29236635?
5
What is the hundred thousands digit of 817118?
8
What is the tens digit of 185839?
3
What is the tens digit of 12766?
6
What is the hundreds digit of 691390?
3
What is the tens digit of 952120?
2
What is the hundreds digit of 107224?
2
What is the units digit of 224784?
4
What is the tens digit of 1006715?
1
What is the hundred thousands digit of 163376?
1
What is the hundreds digit of 374458?
4
What is the hundred thousands digit of 347627?
3
What is the ten thousands digit of 2000382?
0
What is the millions digit of 3509383?
3
What is the hundreds digit of 46184?
1
What is the ten thousands digit of 5801283?
0
What is the hundreds digit of 98236?
2
What is the hundred thousands digit of 1241198?
2
What is the tens digit of 8157182?
8
What is the thousands digit of 158209?
8
What is the ten thousands digit of 946779?
4
What is the thousands digit of 7148438?
8
What is the hundred thousands digit of 16497681?
4
What is the tens digit of 327275?
7
What is the thousands digit of 976231?
6
What is the units digit of 17941313?
3
What is the tens digit of 397224?
2
What is the millions digit of 9720854?
9
What is the hundreds digit of 1411685?
6
What is the units digit of 343711?
1
What is the hundreds digit of 716050?
0
What is the hundred thousands digit of 4290733?
2
What is the units digit of 299548?
8
What is the hundreds digit of 471134?
1
What is the hundred thousands digit of 13717255?
7
What is the hundreds digit of 219853?
8
What is the thousands digit of 748250?
8
What is the millions digit of 6578286?
6
What is the hundreds digit of 517514?
5
What is the units digit of 8839247?
7
What is the tens digit of 4648655?
5
What is the ten thousands digit of 6384740?
8
What is the millions digit of 1003485?
1
What is the hundred thousands digit of 3081290?
0
What is the millions digit of 3552407?
3
What is the thousands digit of 21431022?
1
What is the hundred thousands digit of 2731904?
7
What is the tens digit of 137257?
5
What is the units digit of 4501501?
1
What is the thousands digit of 633745?
3
What is the hundred thousands digit of 1627961?
6
What is the ten thousands digit of 1697372?
9
What is the hundreds digit of 197279?
2
What is the thousands digit of 776779?
6
What is the tens digit of 1286466?
6
What is the hundreds digit of 593895?
8
What is the millions digit of 21282598?
1
What is the units digit of 5835647?
7
What is the hundred thousands digit of 521338?
5
What is the ten millions digit of 19129806?
1
What is the tens digit of 402641?
4
What is the hundreds digit of 152041?
0
What is the units digit of 666945?
5
What is the tens digit of 201039?
3
What is the thousands digit of 248264?
8
What is the hundred thousands digit of 965266?
9
What is the hundreds digit of 48105?
1
What is the hundred thousands digit of 186213?
1
